Let g = -7 - 6. Let f be p(g). What is the greatest common factor of 165 and f?
15
Let d = -636 + 816. Calculate the greatest common factor of 40 and d.
20
Suppose 139*t = 137*t + 38. What is the highest common factor of t and 551?
19
Let j be 1/2*-1*(12 + -16). Suppose 7*h - j*h - 125 = 0. What is the greatest common factor of h and 50?
25
Suppose -4*m - 5*u + 540 = 0, -3*m - 3*u + 2*u + 405 = 0. Calculate the highest common divisor of 15 and m.
15
Suppose -3*q - q = -40. Let l = 9 - q. Let s be 3*l/(-9)*3. Calculate the highest common factor of s and 1.
1
Let k(l) = l**2 - l - 13. Let q be k(-10). Let c = -61 + q. Calculate the greatest common factor of 396 and c.
36
Let s(k) = -2*k + 2*k + 16 + 27 + k. Let m be s(0). Calculate the greatest common factor of 387 and m.
43
Let x(b) = 7*b**2 + 3*b + 2. Let w be x(-1). Let t = 12 - w. What is the greatest common divisor of 42 and t?
6
Let m be ((-3)/4)/(-4 + 62/16). Calculate the highest common factor of m and 90.
6
Let j(c) = -6*c**3 - 14*c**2 - 24*c - 3. Let u be j(-2). Calculate the greatest common divisor of 370 and u.
37
Suppose -3*b - b = -336. Suppose -28 = 4*i - b. Let c = 20 - -134. Calculate the greatest common divisor of i and c.
14
Let h = -8 - 1. Let a = 20 + h. Suppose c - 4*g + 3*g = 91, -3*c - 2*g = -258. Calculate the greatest common divisor of c and a.
11
Let n(z) = -2*z**3 - 28*z**2 + 9*z - 16. Let i be n(-16). Suppose 27*f + i = 35*f. What is the greatest common factor of f and 24?
12
Suppose -8 = -f + 2*s + 26, 3*s - 136 = -4*f. Suppose 4*g - 5*y - 3 = f, 2*g - 15 = -y. Calculate the highest common divisor of 24 and g.
8
Let q = 8 + -2. Let i(m) = 5*m + 7. Let c = 60 - 53. Let g be i(c). Calculate the highest common divisor of q and g.
6
Let j(v) be the first derivative of -v**2 - 10*v + 5. Let u be j(-14). Calculate the highest common factor of 18 and u.
18
Let t(g) = 10*g - 35. Let w be t(5). What is the greatest common factor of w and 375?
15
Suppose -3*i - 4*a = -502 + 160, 0 = 3*i - 4*a - 342. What is the highest common factor of i and 190?
38
Suppose -2*s = -3*o + 9, -4*o + 0*o + 5*s = -5. Suppose -2*x + 3*j = -o*x + 9, 4*j = -12. Calculate the highest common factor of 48 and x.
6
Let f(z) = 6*z - 7. Let p be (-3)/2*120/(-45). Let q be f(p). Calculate the highest common divisor of q and 68.
17
Let b be 5*14/(-35) + (71 - 3). What is the highest common divisor of 627 and b?
33
Let t(i) = -i**2 - 10*i + 12. Let b be t(-10). Let m be ((-10)/6)/((-1)/b). Calculate the greatest common factor of 20 and m.
20
Suppose -6*o + 37 = 3*h - 11*o, -4*o = -2*h + 22. Suppose 3*w + 3*z = -462 + 507, -5*w = 4*z - 79. Calculate the highest common divisor of w and h.
19
Suppose -6*g - 4*x + 22 = -5*g, 2*g - 4*x = 32. What is the greatest common divisor of g and 1422?
18
Let z(x) = -27*x - 84. Let v be z(-10). Let n be ((-6)/5)/((-2)/(-170)). Let c = v + n. What is the highest common divisor of 21 and c?
21
Suppose -35*a = -32*a - 72. What is the highest common factor of a and 6?
6
Let j(m) = -2*m**2 - 109*m + 168. Let k be j(-43). Calculate the highest common divisor of k and 89.
89
Let r be (-37)/(-3) + 360/216. Let z = 305 - 179. What is the greatest common divisor of z and r?
14
Let a(m) = -12 - 8*m + 2*m + 0*m. Let h be a(-14). What is the highest common divisor of 8 and h?
8
Suppose 0 = 14*c + 9*c - 874. Let g(k) = 5*k**2 + 9*k - 21. Let z be g(4). Calculate the greatest common divisor of c and z.
19
Let y(h) = -h**2 + 8*h + 3. Let l be y(5). Suppose -4*d = -2*z - 78, -4*d - d = -4*z - 102. Calculate the greatest common divisor of d and l.
18
Suppose -3*v + 840 = 25*v. Calculate the highest common factor of v and 330.
30
Let j be ((-4)/12)/((-2)/6). Calculate the highest common factor of 15 and j.
1
Suppose -2*b + 4*b - 2*m - 36 = 0, 0 = -3*b + 5*m + 42. Suppose -5*f + 260 = 5*k, 2*k - 2*f = k + 40. What is the highest common divisor of k and b?
24
Suppose -5*r + 4*r = 4*i + 2, -5 = 5*i. Suppose -6 = -2*l, 2*l - 24 - 20 = -r*s. What is the highest common divisor of s and 171?
19
Let o be 21/6 + -3 - (-108)/8. Calculate the highest common divisor of 854 and o.
14
Suppose 28*j - 1334 = 5*j. Suppose 0 = -w + 20 + 9. What is the highest common factor of w and j?
29
Suppose -2*r + 0*r = -5*l - 68, 4*l = 8. Calculate the greatest common divisor of 52 and r.
13
Suppose 9*m = -m + 4290. Suppose 11*n - 22*n = -m. Let u = -30 - -56. What is the highest common factor of u and n?
13
Let k = 1383 + -1119. Calculate the highest common factor of k and 60.
12
Let a(v) = 6*v**3 - 2*v - 1. Let t be a(-2). Suppose -2*m - 32 = -4*l, 2*l + 0 = -6. Let z = m - t. Calculate the greatest common factor of z and 69.
23
Suppose 0 = 4*m - 2*m - 8. Let r be -1*2/m + (-8987)/(-86). What is the highest common divisor of r and 8?
8
Let r(i) = i**2 - 7*i + 102. Let u be r(19). Calculate the greatest common factor of u and 198.
66
Suppose 4*o - 4*y = -228, 137 + 121 = -5*o - 4*y. Let h = o + 66. What is the greatest common factor of 84 and h?
12
Let a be ((-118)/(-3))/(2/(-3)). Suppose -4*f = 84 + 80. Let n = f - a. Calculate the greatest common factor of n and 198.
18
Suppose 970 = 9*i - 1406. What is the highest common factor of i and 66?
66
Let u(t) = 2*t + 10. Let y be u(13). What is the highest common divisor of 24 and y?
12
Let h = -117 + 183. Calculate the highest common divisor of h and 12.
6
Let r(h) = h**2 - 7*h + 10. Let a = -85 - -85. Let w be r(a). Calculate the greatest common factor of w and 70.
10
Suppose 88 + 402 = 7*k. Let a(g) = -g**3 - 2*g**2 + 3*g + 4. Let y be a(-3). Let v = y + 3. What is the highest common divisor of k and v?
7
Suppose -8 = -4*w + 5*i, -2*i - 8 = -4*w + 2*i. Let q = 12 - w. Let y be 18/q - 4/(-20). What is the highest common divisor of y and 22?
2
Let p(w) = -17*w - 108. Let n be p(-8). Calculate the highest common factor of 112 and n.
28
Let r = 11 - 2. Let u(s) = r*s**2 - 2 + 62*s**2 + 3. Let y be u(1). Calculate the greatest common factor of 9 and y.
9
Let p = -72 + 78. Let l be (1 - 717/(-9))/(p/9). What is the greatest common divisor of 11 and l?
11
Let d(u) = u**2 + u + 121. Let h(o) = o**2 - 2*o. Let m be h(2). Let w be d(m). Calculate the greatest common divisor of 11 and w.
11
Suppose 20*v - 2880 = 8620. Calculate the highest common divisor of v and 69.
23
Let w(d) = 47*d**2 + d - 2. Let l be w(-2). Let s(x) = 7*x - 5 + 2 - 20*x. Let u be s(-2). Calculate the highest common divisor of l and u.
23
Suppose -3*u - 4*f = -27 + 1, 0 = -4*u + f + 41. Calculate the greatest common factor of u and 2.
2
Suppose 0 = -4*j - 4*a + 360, -a - 450 = -20*j + 15*j. Calculate the greatest common divisor of j and 288.
18
Let o(f) = -f**2 - 16*f + 2. Let t be o(-12). What is the greatest common factor of t and 275?
25
Suppose 518 = 7*f + 3143. Let h = f - -530. What is the greatest common divisor of h and 62?
31
Let k be (-28)/(-6)*(30/4 + -3). What is the highest common divisor of k and 861?
21
Let v be ((-14)/4)/(1/(-20)). What is the highest common divisor of 14 and v?
14
Let x = 2180 - 2145. Calculate the highest common divisor of 14 and x.
7
Suppose -3*i + 79 = 4*n, 2*n = 5*i - 0*n - 175. Let k = -11 + 143. What is the greatest common divisor of i and k?
33
Let d be 81/(2/(-8*4/(-16))). What is the greatest common divisor of d and 18?
9
Suppose -4*m + a = 6*a - 45, m = -5*a + 30. Suppose -3*v - m*f = -525, -3*v - v + 700 = -3*f. Calculate the greatest common factor of v and 25.
25
Let o = 212 - 320. Let j be o/(-45) - (-2)/(-5). Calculate the highest common factor of 6 and j.
2
Let t be ((-9)/6)/((-18)/264). Let u(w) = 4*w**2 - w + 10. Let g be u(7). Let n = -89 + g. What is the greatest common factor of t and n?
22
Let o = -400 + 723. Suppose -o = -5*k + 327. What is the highest common factor of k and 10?
10
Let o be 6 - 5 - (4 - 3). Suppose o = 7*w - 2*w - 300. Calculate the highest common factor of w and 15.
15
Let c = -14 + 17. Suppose -5*i = -3*w - 57, i + 3*i - 48 = c*w. Calculate the greatest common factor of 1 and i.
1
Let x(i) = -i**2 - 12*i + 19. Let u be x(-12). Suppose -4*p + 52 + 100 = 0. What is the highest common factor of p and u?
19
Let k = 72 - 71. What is the greatest common factor of k and 18?
1
Let u(y) = -7*y + 87. Let g be u(-12). What is the greatest com